f 214213198?
2
What is the hundred thousands digit of 55581622?
5
What is the hundred millions digit of 281306269?
2
What is the millions digit of 84972109?
4
What is the hundred millions digit of 1752183176?
7
What is the millions digit of 321915450?
1
What is the ten millions digit of 1232127140?
3
What is the hundreds digit of 401197367?
3
What is the tens digit of 929399406?
0
What is the units digit of 82234168?
8
What is the millions digit of 63854075?
3
What is the hundred thousands digit of 66178475?
1
What is the ten millions digit of 588311954?
8
What is the ten thousands digit of 58731945?
3
What is the ten millions digit of 20621433?
2
What is the thousands digit of 35870?
5
What is the units digit of 44854213?
3
What is the tens digit of 688598287?
8
What is the hundred thousands digit of 1673903275?
9
What is the ten thousands digit of 3758794700?
9
What is the ten millions digit of 2125468308?
2
What is the units digit of 678788569?
9
What is the ten millions digit of 36162223?
3
What is the hundreds digit of 208239074?
0
What is the hundred millions digit of 531204205?
5
What is the units digit of 47188802?
2
What is the hundred thousands digit of 41882362?
8
What is the ten thousands digit of 77626844?
2
What is the millions digit of 116280711?
6
What is the thousands digit of 1559103705?
3
What is the hundred thousands digit of 1698407628?
4
What is the millions digit of 55016142?
5
What is the ten millions digit of 89081569?
8
What is the hundred thousands digit of 57249711?
2
What is the units digit of 1280422846?
6
What is the ten millions digit of 1284346231?
8
What is the thousands digit of 1121745715?
5
What is the tens digit of 524947568?
6
What is the hundred thousands digit of 1600871544?
8
What is the hundred thousands digit of 3994268960?
2
What is the units digit of 41369197?
7
What is the units digit of 1696132999?
9
What is the millions digit of 1189286634?
9
What is the tens digit of 389385041?
4
What is the tens digit of 773725119?
1
What is the ten thousands digit of 1338545868?
4
What is the tens digit of 34733684?
8
What is the ten millions digit of 14886722?
1
What is the ten millions digit of 60934562?
6
What is the millions digit of 7519096?
7
What is the hundreds digit of 396551729?
7
What is the millions digit of 23217055?
3
What is the ten thousands digit of 5206010646?
1
What is the tens digit of 538550?
5
What is the units digit of 7708346840?
0
What is the hundred millions digit of 185622839?
1
What is the hundreds digit of 1321497869?
8
What is the ten millions digit of 492689353?
9
What is the hundreds digit of 2420237340?
3
What is the thousands digit of 423459574?
9
What is the hundred thousands digit of 1644749196?
7
What is the units digit of 1650655076?
6
What is the units digit of 79324790?
0
What is the thousands digit of 295132297?
2
What is the hundred millions digit of 232634545?
2
What is the ten millions digit of 56714460?
5
What is the units digit of 1143023546?
6
What is the thousands digit of 274373169?
3
What is the hundred thousands digit of 963827943?
8
What is the units digit of 36176813?
3
What is the thousands digit of 282245647?
5
What is the units digit of 795718067?
7
What is the units digit of 1456992961?
1
What is the ten thousands digit of 273976730?
7
What is the ten thousands digit of 25146026?
4
What is the hundreds digit of 2816835727?
7
What is the ten thousands digit of 419547206?
4
What is the ten thousands digit of 122291724?
9
What is the ten thousands digit of 2755619113?
1
What is the thousands digit of 32970793?
0
What is the hundred thousands digit of 2454164384?
1
What is the billions digit of 1312052774?
1
What is the units digit of 631112859?
9
What is the billions digit of 1152477399?
1
What is the units digit of 1629894?
4
What is the ten millions digit of 336994389?
3
What is the tens digit of 2400643063?
6
What is the millions digit of 2222181121?
2
What is the ten millions digit of 2845275106?
4
What is the hundred millions digit of 164948294?
1
What is the thousands digit of 60494721?
4
What is the millions digit of 7202120433?
2
What is the hundred millions digit of 9010254380?
0
What is the millions digit of 80779289?
0
What is the tens digit of 1643112299?
9
What is the millions digit of 252584948?
2
What is the tens digit of 77707572?
7
What is the ten thousands digit of 52350433?
5
What is the thousands digit of 1028332639?
2
What is the tens digit of 19152042?
4
What is the hundred thousands digit of 23993745?
9
What is the hundred thousands digit of 598413553?
4
What is the billions digit of 6074218518?
6
What is the billions digit of 1479708901?
1
What is the hundred thousands digit of 21605956?
6
What is the ten thousands digit of 2084003319?
0
What is the ten millions digit of 157067374?
5
What is the tens digit of 1691797060?
6
What is the millions digit of 345749150?
5
What is the thousands digit of 111451596?
1
What is the hundreds digit of 3061379996?
9
What is the thousands digit of 91313651?
3
What is the billions digit of 1961402201?
1
What is the millions digit of 86869955?
6
What is the millions digit of 182793951?
2
What is the ten millions digit of 47717200?
4
What is the tens digit of 51905003?
0
What is the millions digit of 638772842?
8
What is the hundred thousands digit of 39873377?
8
What is the units digit of 246499970?
0
What is the tens digit of 2466474846?
4
What is the millions digit of 556326291?
6
What is the ten millions digit of 66270864?
6
What is the thousands digit of 679030894?
0
What is the hundreds digit of 5966072591?
5
What is the hundred thousands digit of 304529752?
5
What is the hundreds digit of 8310706?
7
What is the hundreds digit of 94165926?
9
What is the tens digit of 120172377?
7
What is the thousands digit of 609093765?
3
What is the tens digit of 20772732?
3
What is the ten millions digit of 851788059?
5
What is the units digit of 1322454711?
1
What is the hundred thousands digit of 337923823?
9
What is the thousands digit of 2758927319?
7
What is the ten thousands digit of 19299755?
9
What is the hundred millions digit of 242447836?
2
What is the hundred millions digit of 8280051132?
2
What is the ten thousands digit of 50379539?
7
What is the hundred thousands digit of 1696378969?
3
What is the ten thousands digit of 39732745?
3
What is the hundred thousands digit of 3534903665?
9
What is the units digit of 139652247?
7
What is the ten millions digit of 151052769?
5
What is the hundreds digit of 3929611516?
5
What is the hundreds digit of 468913886?
8
What is the hundreds digit of 3894952?
9
What is the tens digit of 63206055?
5
What is the millions digit of 175243283?
5
What is the hundreds digit of 28762898?
8
What is the ten millions digit of 26398304?
2
What is the ten thousands digit of 371822666?
2
What is the thousands digit of 3469955978?
5
What is the tens digit of 2255284264?
6
What is the tens digit of 8053830628?
2
What is the hundred thousands digit of 32602587?
6
What is the units digit of 1651799819?
9
What is the units digit of 122149122?
2
What is the tens digit of 1346472752?
5
What is the millions digit of 186082813?
6
What is the ten millions digit of 88715247?
8
What is the thousands digit of 3418523109?
3
What is the hundred thousands digit of 13535612?
5
What is the ten thousands digit of 657891482?
9
What is the tens digit of 573584698?
9
What is the hundreds digit of 869308104?
1
What is the ten thousands digit of 262168514?
6
What is the thousands digit of 4530709?
0
What is the millions digit of 114800158?
4
What is the thousands digit of 501533710?
3
What is the thousands digit of 275699105?
9
What is the ten thousands digit of 1594490?
9
What is the tens digit of 1734358900?
0
What is the ten thousands digit of 1456272212?
7
What is the ten millions digit of 514936569?
1
What is the hundred thousands digit of 78949617?
9
What is the ten thousands digit of 73302350?
0
What is the thousands digit of 363859015?
9
What is the ten millions digit of 2679801160?
7
What is the thousands digit of 784460901?
0
What is the hundred thousands digit of 3270042237?
0
What is the tens digit of 1457012686?
8
What is the ten thousands digit of 222815673?
1
What is the million